7). Suppose -2*v = -0 - 4. What is the units digit of v + (-3 - -3) + w?
8
Suppose -5*g - 4*q + 9 = 0, 0 = q - 5*q - 16. Suppose 2*m - 5 = g. Suppose -59 = -m*d + 41. What is the tens digit of d?
2
Suppose 26 = 2*b + 6. Suppose -30 = -2*x - 5*c - 11, x = 4*c - b. Suppose 0*q + 4*q = 5*n - 155, -95 = -3*n + x*q. What is the tens digit of n?
3
Let l = -512 - -920. What is the tens digit of l?
0
Suppose u + 3*d + 12 = 4*u, 2*d = 5*u - 29. Let z = u + -3. Suppose -3*m + z = m. What is the units digit of m?
1
What is the tens digit of (2 - 14/8) + (-10287)/(-36)?
8
Let x = -42 + 51. Let s(d) = 29*d - 19. What is the hundreds digit of s(x)?
2
What is the units digit of (3/5)/(23/115) - -1906?
9
Let l(z) = -z**2 - 4*z + 9. Let j be l(-7). Suppose 53 = 3*f - 7. Let y = j + f. What is the units digit of y?
8
What is the thousands digit of (104/(-13))/((-8)/1028)?
1
Let c be (-4 - (2 + -1320)) + 5. Suppose 6*y - c = 121. What is the units digit of y?
0
What is the units digit of (2/(-10))/(5/(-34725))?
9
Suppose -7252 + 1204 = -12*r. What is the tens digit of r?
0
Let t = -46 + 50. Suppose 4*j - 163 = -5*c, -4*j = -t*c + 86 + 66. What is the tens digit of c?
3
Let z(h) be the second derivative of -h**5/20 - h**4/6 + h**2 + 6*h. Let n = -15 + 11. What is the tens digit of z(n)?
3
Let n(a) = -a**2 + a. Suppose -4 = -3*q + 5. Let g(c) = -c**3 + 3*c**2 - 3. Let t(v) = q*n(v) + g(v). What is the tens digit of t(-3)?
1
Let q(v) = v**2 + 7*v - 1. Let z be q(-5). Let h(i) = -i**3 - 12*i**2 - 10*i + 4. Let f be h(z). Let j = -1 - f. What is the units digit of j?
6
Suppose 3*m + 5 = -16. Let k(j) = -2*j + 16. What is the tens digit of k(m)?
3
Suppose 0*c - 3444 = 3*c. Let u be 8/14 - c/49. Suppose -2*t - u = -5*t. What is the units digit of t?
8
Let h(c) = -c**2 + c - 2. Suppose -2*w = -5*w + 6. Let z be h(w). What is the units digit of (-4)/((-48)/(-21))*z?
7
Let i(j) = 37*j**3 - j + 2. What is the units digit of i(2)?
6
Let q = 1 + -1. Let b = -1238 + 1259. Let w = q + b. What is the tens digit of w?
2
Suppose 952 = 6*h - 2216. What is the units digit of h?
8
Let w(n) = 2*n + 9. Let x be w(-7). Let c(j) = j**3 + 6*j**2 + 2*j + 14. What is the units digit of c(x)?
9
Suppose -2*p - 6 = -26. Let b(a) = 7*a - 12. What is the units digit of b(p)?
8
Let w be (8 + -30)*(3/2 + -2). Let s = 46 - w. What is the tens digit of s?
3
Let p(q) = q**3 - 6*q**2 - 6*q + 12. Let y be p(9). Let f = y - 107. What is the tens digit of f?
9
Let l(r) = r**2 - 6*r - 25. Let x be l(9). Suppose -x*f = -4*f + 3*k + 95, 0 = -5*f - 5*k + 175. What is the tens digit of 1870/f + (-6)/8?
4
Let f(b) = -b**3 - b**2 + 8*b - 4. Let o be f(-4). Suppose 0 = -5*k + 2*i + 193, i = -2*i - o. What is the tens digit of k?
3
Suppose -3*p + 686 = 4*p. Suppose 257 = 5*n - p. What is the tens digit of n?
7
Let o be 15/2*(-24)/(-30). Suppose -2*k = a - 89, -a = -3*a + o. What is the units digit of k?
3
Let d be 37 - (5 + (-3)/1). Suppose 0 = 2*w - 31 - d. What is the units digit of w?
3
Let y be 407/(-44) + 1/4. Let t = -5 + 16. Let n = y + t. What is the units digit of n?
2
Let r(p) = -p**2 + 4. Let d be r(-4). Let f(u) = u + 16. Let i be f(d). Suppose l + 3 = i. What is the units digit of l?
1
What is the hundreds digit of ((-2)/6)/(6/(-106074))?
8
Let h = -2 + 15. Suppose h = 3*d - 2*t + 7*t, 5*t + 42 = 2*d. What is the tens digit of d?
1
Suppose 5*c = -5*z, 0 = 2*z - 6*z + c + 10. Suppose -3*r + 1 = 3*q + z*r, 5*q = -r + 31. Suppose -q*u + 85 = -2*u. What is the tens digit of u?
1
Suppose 3 = -r - 2*r. Let n be (-7 - -7) + (r - -1). Suppose n = -c - 3 + 12. What is the units digit of c?
9
Let q(o) = -48*o**2 - 2*o + 7. Let l be q(-3). Let i = -210 - l. What is the tens digit of i?
0
Let s(q) = q**2 - 2*q + 2. Let o = 14 + -11. Let v be s(o). Suppose 0 = v*d - 3*d - 36. What is the units digit of d?
8
Let g(n) = 2*n**2 - 6*n - 12. Let b be g(-3). Let f = 15 + b. What is the tens digit of f?
3
Let d be -2*(1/2 + -3). Let s be -5*1*4/d. What is the units digit of (5 + s + 2)*7?
1
Suppose -3*m + 7*m - 1813 = -3*w, -3*w = -4*m + 1795. What is the hundreds digit of m?
4
What is the units digit of -4 + -4 - (-1143 + -7)?
2
Let s be (14/3 + -4)*(4 - 1). Let o(b) = 25*b - 1. What is the units digit of o(s)?
9
Let w(v) = 2*v + 12. Let g be w(0). Let m be g/5*(-20)/(-8). What is the tens digit of m/4*(3 + 7)?
1
Let t be (-12)/8*-8*50/(-4). Let i = 247 + t. What is the tens digit of i?
9
Let c(d) = d**3 + 17*d**2 - 9*d - 36. Let f be c(-17). Let s = 245 - f. What is the units digit of s?
8
Let r = 1537 + -919. What is the units digit of r?
8
Suppose 0 = -2*x - 6, 12 = b + 2*b - 4*x. Suppose b = 4*j - 349 + 61. What is the tens digit of j?
7
What is the tens digit of -12*(-1)/4 + 97?
0
Let q = -47 - -48. Let a(g) = 206*g**3 + 3*g**2 - 1. What is the hundreds digit of a(q)?
2
Let l = 145 + -64. What is the units digit of l?
1
Suppose 5*d = -5*b - 0*b - 85, -d + 2*b - 2 = 0. Let q = d + 96. What is the units digit of q?
4
Suppose 5*c - 13153 = 1017. What is the tens digit of c?
3
Let l(p) = p + 1. Let a = 11 - 12. Let d(r) = -r**2 - 8*r - 7. Let x(w) = a*d(w) - 6*l(w). What is the units digit of x(-5)?
6
Let r(k) = -k**3 + 3*k + 3. Let p be r(0). Suppose -u + 426 = p*u - 2*x, -2*u + 195 = 5*x. What is the tens digit of u?
0
Suppose -2*w + 0 = -6. Suppose w*c - 325 = 104. What is the tens digit of c?
4
Suppose -328 = -4*a - 0*l - 2*l, 2*l + 344 = 4*a. What is the tens digit of a?
8
Let z(l) = -5*l**3 - l**2 - 2*l + 4. Let h be z(1). What is the tens digit of 0 + 3 + 166 + h?
6
Suppose 3*l = 3, -2*l + 188 = 3*s - 27. What is the tens digit of s?
7
Suppose 0 = 48*y - 45*y + 309. What is the tens digit of -1 - y - (2/(-2) + -3)?
0
Let p = 620 - 138. What is the tens digit of p?
8
Let x be ((-3)/(-2))/(9/(-48)). Let h be -4*4/x + -2. Suppose -4*l + 88 = -h*l. What is the tens digit of l?
2
Let d(u) = -u**2 - 8*u - 5. Let p be d(-7). Suppose -p*f + 10 = -0*m + m, 25 = 4*m + 5*f. Suppose -5*r + m = -5. What is the units digit of r?
1
Let t = 65 + -24. Let r = -32 + t. What is the units digit of r?
9
Let j(v) = -8*v - 15. Let b(d) = -d. Let o(t) = -6*b(t) + j(t). Let z be o(-10). Suppose -r + z*h - 11 = 0, -3 = 3*r + 3*h - 24. What is the units digit of r?
4
Let x(g) = 3*g**2 - 8*g - 17. What is the units digit of x(12)?
9
Suppose -4*i = -3*i - 13. Let s = -11 + i. Suppose 2*o = o + v + 49, -97 = -s*o + 3*v. What is the units digit of o?
0
Let k(g) = 124*g - 2. What is the hundreds digit of k(1)?
1
Let t(d) be the second derivative of -d**2 + 2*d - 5/6*d**3 + 0. What is the units digit of t(-2)?
8
Let l(k) = 10*k**3 - k**2 - 2*k - 5. Let x(u) = -11*u**3 + 2*u**2 + 3*u + 5. Let w(g) = -3*l(g) - 2*x(g). What is the tens digit of w(-2)?
6
Suppose 0*r - r - 5*q + 16 = 0, 5*q = r - 66. Let w = 430 - 221. Suppose 5*n - w = r. What is the units digit of n?
0
Let j = -51 - -58. Let p(a) = 12*a + 6. What is the tens digit of p(j)?
9
Let o(r) = 12*r - 13*r - 1 + 0 + 6*r**2. Let u be o(3). Suppose 0*f + 8 = 4*f, 0 = 2*t - 5*f - u. What is the units digit of t?
0
Let r be (-2)/(-4)*(-19 - -1). Suppose 0 = 2*b - 5*b - 42. What is the units digit of (b/(-6))/(r/(-81))?
1
Suppose r - 13 - 20 = 4*c, -5*r - 10 = 5*c. Let i(k) = k**3 + 8*k**2 + 9*k + 10. Let f be i(c). What is the units digit of f/(-12) - 26/(-3)?
9
Suppose -19288 = -15*f - 7183. What is the hundreds digit of f?
8
Let k = -24 - -30. Let i(d) = -d + 11. Let p be i(k). Suppose -67 - p = -b. What is the units digit of b?
2
Let b = -13 - -15. Suppose -3*f + 3*k = -6, f + b = -3*k - 4. Suppose f = -s + 3*s - 18. What is the units digit of s?
9
Suppose -4*d + 36 = -24. Suppose 4*f - 3*z - d = f, -25 = -5*f + z. What is the units digit of f?
5
What is the hundreds digit of (-3292)/8*(0 + 6/(-1))?
4
Let y = 130 - 132. Let a(z) = 13*z**2 - 4*z - 4. What is the tens digit of a(y)?
5
Suppose 2*q = 8 - 4. Let a(y) = -y**3 + 5*y + 2. Let g(r) = r**3 - r**2 - r. Let m(s) = a(s) + 3*g(s). What is the tens digit of m(q)?
1
Suppose 5*a = 3*z + 15, -a + 4*z + 4 = 1. Let m = 155 - 140. Let h = a + m. What is the units digit of h?
8
Let j(f) = -37*f**3 + 8*f**2 - 3*f - 16. What is the units digit of j(-3)?
4
What is the tens digit of (3 - -7)*6/((-60)/(-1618))?
1
Suppose 575*z = 582*z - 8050. 